 = 226*w + 9. Let j be u(-7). Let r be (-72)/252 - (30972/(-14) - 2). Let k = j + r. Is k a composite number?
False
Let b = 236283 + 78754. Is b a prime number?
True
Suppose 2*a + u - 414203 = 0, -11*u = 5*a - 8*u - 1035511. Is a composite?
True
Suppose 0 = 12*t - 47 - 1. Suppose -2*l - 346 = 3*i, 4*l = -t*i - 33 - 663. Let h = l + 297. Is h composite?
True
Let w = -91923 - -1577486. Is w a prime number?
True
Let z be (2/3)/(4/48). Suppose q + 398 = -3*l - 22, -2*l - z = 0. Let r = -101 - q. Is r a composite number?
False
Let i = 169 + -138. Is -223*i*(50/(-5) - -9) composite?
True
Let c = 248103 - -529754. Is c composite?
False
Let k = 242 + -231. Let c(p) = 309*p - 2. Is c(k) composite?
True
Let m = -20 + 27. Suppose -m*d + 5084 = -733. Is d a composite number?
True
Let w(g) = 8469*g**2 - 5*g - 5. Let z be w(-1). Suppose -44*i - z = -47*i. Suppose 0 = -13*d + 16*d - i. Is d prime?
True
Let n = -1527 - -378. Let b = 2143 + n. Is b + -4 + (-14)/(-2) composite?
False
Let d = 181136 - 119097. Is d composite?
False
Suppose -2*n - b = -6460, 7*n - 5*b = 11*n - 12932. Suppose 12*c + n = 16560. Is c prime?
False
Suppose 0 = -f - j + 1, -2*f - j + 1 = 2*j. Let d be (-3 + f + 25)/(6/88). Let v = d + 415. Is v a composite number?
True
Let d = -749 + 78766. Is d prime?
True
Suppose 40*x - 43*x + 54 = 0. Suppose 14*b - x*b + 1772 = 0. Is b composite?
False
Is (1455147/(-4))/((-3078)/1368) a composite number?
False
Suppose 369364678 - 137733070 = 156*u. Is u prime?
False
Is ((-385708)/10*(-545)/436)/(2/4) prime?
False
Let d(c) = -c**2 + 16*c + 29. Suppose -k = 2*k - 48. Let n be d(k). Suppose -n*l + 27*l = -5794. Is l prime?
True
Is ((-2)/8)/(-9 - 551734/(-61304)) a prime number?
False
Let m = 13 - 11. Suppose 2*c - 15 = p, -4*p - 60 = m*c - 6*c. Let z = p + 68. Is z a composite number?
False
Suppose 42993 = 3*d + 5*w - 2*w, 71690 = 5*d - 2*w. Let h = -5119 + d. Is h prime?
False
Suppose -11*y = -62 + 18. Suppose k - 265 = -y*k. Is k composite?
False
Let u(h) = -h + 5. Let d be u(-2). Suppose 2*f + d - 5 = 0. Is (f + (-2)/(-3))*-1*4083 a prime number?
True
Is 10 + -24 - (-293208 + -13) composite?
False
Suppose -5*c + 18 = -2*c. Let r = c + -1. Suppose -558 - 512 = -r*s + 3*g, -g = 5*s - 1050. Is s a composite number?
False
Is 3/(-33) - ((-1274010)/(-132) - -1)*-12 a composite number?
False
Let x(n) = 1377*n**2 + 4*n + 1035. Is x(-28) a prime number?
True
Suppose 23*u - 18 = 29*u. Let d be (-1 + 5)*u/(-6). Suppose 3*t - 1165 = 2*r - 3387, -2*r = -d*t - 2224. Is r a composite number?
True
Let y(j) = 19*j**2 + 49*j**2 + 3*j + 0*j - 2. Let p be y(1). Let v = -14 + p. Is v a composite number?
True
Let i(l) = -2*l + 14. Let o be i(5). Suppose 6*d - o = 74. Suppose 16*r - 555 = d*r. Is r a prime number?
False
Let h be 6 - (30/(-5) + 8). Suppose w - 12566 = -h*v - 2*w, w = -2*v + 6284. Is v a prime number?
False
Suppose -2*r + 36923 = 2*a - 13933, -2*a = -5*r + 127175. Is r composite?
True
Let n = 24 + -30. Is (-1368095)/(-114) + (-1)/n a prime number?
False
Suppose -4*v - 6 = 5*r + 13, 4*v - 3*r = 5. Let f(t) = -2618*t - 9. Is f(v) prime?
True
Let o(k) = 4714*k**3 + 7*k**2 - 27*k + 7. Is o(3) a prime number?
False
Is -6 + (72942/8)/(297/396) a prime number?
False
Suppose -4*v = -a + 17, -2*a - 4*v + 11 - 1 = 0. Let d be (a + -5 + 6)*6/15. Suppose 7*z - 2*z = -c + 679, 4*c + d*z = 2684. Is c a prime number?
False
Suppose 86*b = 38946565 + 12564223 + 22565226. Is b composite?
True
Let b(i) = -i**3 - 5*i**2 - i + 11. Suppose 3*y + 29 + 46 = 3*n, -5*y = -4*n + 104. Suppose 0 = 2*p + 5*z + n, -4*z = p + 3 + 9. Is b(p) a composite number?
False
Let u(i) = -79*i**2 - 18*i + 57. Let x be u(13). Let q = x - -22191. Is q a prime number?
True
Suppose 2*m - 1 - 3 = -c, 2*c = -5*m + 12. Let y be (m/(-4))/((-2)/3740). Suppose -g - y = -5*j - 0*g, 2*j + 4*g - 726 = 0. Is j a prime number?
True
Let a(y) be the third derivative of 355*y**4/24 - 151*y**3/3 + 93*y**2. Is a(7) a composite number?
True
Suppose -16 = -2*r, 376*t - 380*t + 2*r + 10735276 = 0. Is t prime?
True
Suppose p = -2*p + 21. Suppose p*j - 8 - 20 = 0. Suppose j*i + i - 4*h - 370 = 0, 0 = 2*h. Is i a prime number?
False
Let f = -40 + 68. Suppose f*k - 30 = 25*k. Is k/(-30) + 968/6 a composite number?
True
Let w(y) = 933*y**2 + 8*y - 6. Suppose -3*x + 5*f + 30 = 2*x, 3*x - 22 = 4*f. Is w(x) a composite number?
True
Suppose 0 = -3*v - 2*o + 4*o - 292, 5*v + 520 = -5*o. Let u be (638210/(-8))/((-25)/v). Is u/(-45) - (6/(-27))/(-1) a composite number?
True
Suppose -19*q + 22*q = 759. Let t = 635 - q. Is t composite?
True
Suppose 0 = -5*p - f + 561976, -p - 6*f + 37472 = -74871. Is p prime?
True
Let f(v) be the second derivative of -1/10*v**5 + v + 0 - 7/12*v**4 + 17/2*v**2 + 11/6*v**3. Is f(-6) composite?
False
Let u(x) = -x**3 + 10*x**2 - 11*x - 1. Let a be ((-2)/4)/(12/(-24)) - -12. Let w = a + -7. Is u(w) composite?
True
Suppose 3*w - x + 7875 = -8465, 16 = -4*x. Let y = 11969 + w. Is y prime?
True
Suppose 15*i - 6 = 18*i, 3*n - 5119 = -4*i. Let x = -955 + 545. Let l = n + x. Is l composite?
True
Suppose 3*u - 14 = -5, -9969 = -3*w - 5*u. Suppose 2*g - 838 = 4*h - 4154, -g = -4*h + w. Suppose h = 17*f - 12*f. Is f composite?
True
Suppose -16*l + 2171385 - 766169 = 0. Is l composite?
True
Let d be 0 + 3 - (-1)/(-1). Suppose 9*g - d*g = 49. Suppose -g*b + b = -126. Is b a prime number?
False
Let r(w) = -14*w + 3 + 33*w - 18*w - 8. Let i be r(-3). Is ((-1469)/52)/(2/i) a composite number?
False
Let r be (171/6)/(3/(-4)). Let v = 41 + r. Suppose j = -p + 693, -5197 = -5*j - v*p - 1722. Is j composite?
True
Let m be (9/(-2) + (7 - 2))*24. Suppose -13305 = m*b - 32877. Is b a prime number?
False
Let h = -222 - -215. Suppose 0 = 2*s - 49 - 1733. Let y = s - h. Is y prime?
False
Suppose -1980418 + 3404344 - 25444877 = -251*t. Is t prime?
True
Let r be 1 + 3 - 7 - (10330 + 1). Let v = 19921 + r. Is v prime?
True
Let f(u) = -1812*u - 31. Is f(-2) a prime number?
True
Suppose 0 = -5*h - 5*v - 45, -3*v - 30 = 2*h - 5*v. Suppose 9*l = 7*l - 30. Is ((-3592)/h)/((-10)/l) a composite number?
False
Let y = 32 + 597. Suppose -3*h + 697 = -y. Suppose -5*f + h = 17. Is f a prime number?
False
Let v = -196193 + 641532. Is v a prime number?
True
Let n = -61647 - -87730. Is n a prime number?
True
Let x(u) = 114*u + 3. Let l be x(3). Suppose -4*g - l = -9*g. Suppose 351 = 2*h + g. Is h composite?
True
Let w = -616 - -81897. Is w a composite number?
False
Suppose 0 = -54*r + 80686 + 130292. Is r a composite number?
False
Suppose -h = -4*i + 22, 18 = 2*i + 4*h - 8*h. Suppose 0 = r - s - 1257, i*r - 4*s - 3280 = 3009. Is r a composite number?
True
Let r be (54785/2)/(23/46). Suppose -4956 = 13*c - r. Is c a composite number?
False
Let d(l) be the second derivative of -91*l**3/3 - 5*l**2/2 + l. Suppose 34 = -5*u + 4*v, -75*u + 80*u - 2*v + 32 = 0. Is d(u) a prime number?
True
Suppose 5*y = 2*b - 150, -3*b + 0*y + 225 = -y. Let l = b + -66. Suppose -12*u + 1239 = -l*u. Is u a prime number?
False
Let v(t) = -7*t + 30. Let q be v(4). Suppose 0 = -h - 4*x + 18, -h = q*x - 10 - 0. Suppose 0 = -s + h*k + 93, 3*s + k - 6*k = 281. Is s a composite number?
False
Let f(m) = 2*m - 10. Let d(l) = -1. Let b(k) = -d(k) - f(k). Let s be b(4). Suppose -o = 2*v - 0*v - 373, -369 = -o - s*v. Is o a composite number?
True
Suppose -5*s + 2*t = -1255280, -78*s + 82*s - 1004201 = -3*t. Is s a prime number?
False
Let s(l) = -71*l + 243. Suppose -622*p + 56 = -626*p. Is s(p) composite?
False
Suppose 14*m - 8*m - 30 = 0. Let j(z) = -13*z**2 + 4*z + 2. Let i be j(m). Let q = -50 - i. Is q a composite number?
True
Let z be ((-7)/2)/(10/20). Let v(n) = -277*n**2 - 5*n + 10. Let c be v(z). Is (-12)/(-15) - c/40 a composite number?
True
Let a = -213 + 215. Is -5 + a + 109*8 a prime number?
False
Suppose 5*f - 14054 = -z, 9*z + 42102 = 12*z + 3*f. Is z prime?
True
Is (1 + (-10021)/44)/((-2)/656) - -3 composite?
False
Let w(f) be the third derivative of f**4/24 - 11*f**3/6 + 15*f**2. Let g be w(11). Suppose -2*k - 4 = g, -3*k + 4*k - 714 = -4*i. Is i a composite number?
False
Suppose -g = 5*g - 90. Let o(x) = 20*x**2 + 75*x + 8. Is o(g) composite?
True
Suppose 44*x - 10790930 + 2309641 = 8052195. Is x a composite number?
False
Is 1032/(-5160) + (-959432)/(-10) + -2 pr